et o(j) = -j - 1. Let b(s) = -3*s**2 + 8*s + 8. Let d(t) = -14*t**2 + 40*t + 39. Let v(l) = 11*b(l) - 2*d(l). Let h(a) = -6*o(a) - v(a). Is h(-3) composite?
False
Let a(i) be the second derivative of i**3/6 + i**2/2 + 3*i. Is a(1) composite?
False
Let w = 20 - -45. Is w prime?
False
Let g(q) = 11*q**2 - 5*q + 0*q + 3 - 2 + 7*q**3 - 4*q**3. Let y be g(-8). Is (y/28)/(1/(-4)) composite?
False
Let c be 1/(-2) + 13/2. Let k(s) = 21*s + 13. Is k(c) a prime number?
True
Let z(s) = 3*s**2 - 9*s - 5. Let v be z(-8). Let d = -1 + 3. Suppose 0 = -w - d*h + v, -3*w + 2*h + 927 = 182. Is w prime?
True
Suppose -5*z = -2*i - 11, i + 2*i = 2*z. Suppose 5 - z = o. Suppose -2*q + 12 = o*q. Is q prime?
True
Let d be (2/4)/((-8)/(-64)). Suppose d*o - 32 = 5*f, -2*o = 2*o + 2*f - 4. Suppose 0*a = o*a - 207. Is a a prime number?
False
Suppose 25 = z + 4*z, 4*y = -z + 17. Suppose 0 = -b + y. Is b composite?
False
Let a be 1/(-5) + 1032/10. Suppose -3*g + 58 = 4*c - a, g - 3 = 0. Suppose 0 = 2*m - 136 - c. Is m composite?
True
Let l(p) = -3*p - 1. Let u be l(-1). Suppose -4*x - 78 = -2*h, -4*h - u*x + 197 = 61. Is h composite?
True
Let q = 4094 + -1332. Is q a composite number?
True
Suppose -b + 1 + 3 = 0. Suppose -2*r - 13 = b*n - 31, r = n - 3. Is 2/1*254/n composite?
False
Let w be -2 + (2 - (4 - 2)). Let h(d) = -2*d + 15. Let j be h(9). Is (w + 1 - j) + 35 a prime number?
True
Suppose 0 = 3*m - m - 382. Is m a composite number?
False
Let p = 1394 - 857. Is p a prime number?
False
Suppose 507 = 7*f - 788. Is f a prime number?
False
Let o be 3/(-9)*1*-9. Suppose 3*k - 31 = -o*r + 11, -5*k = r - 66. Suppose 5*s - 5*n = 45, 2*s - 5*n - 37 + k = 0. Is s composite?
False
Let l be (-1 - 0)/(5/(-75)). Let v = l - -100. Let f = v + -26. Is f composite?
False
Suppose 2*i + i + 4*a = -13, -2*a - 2 = 0. Is 36 + (-1 - (i + 1)) a prime number?
True
Let x(n) = -6*n - 2. Let m be x(5). Let l = m - -54. Is l prime?
False
Let t(o) = -130*o**3 + 3*o**2 + o - 1. Is t(-2) composite?
False
Let t = -89 + 17. Let c = t - -142. Suppose 2*v = 4*i - 3*v - 140, 5*v + c = 2*i. Is i composite?
True
Suppose 0 = u - 3*u + 4*w - 6, 2*w = 3*u - 7. Let z(p) = 5 - 4 + 0 - u*p. Is z(-2) a composite number?
False
Let a = -4 - -4. Let i be 1 + (-4 - (1 - a)). Let o(s) = 7*s**2 + 2*s + 5. Is o(i) composite?
False
Suppose g - 12 = 4*g. Let l be ((-5)/g)/(5/120). Let d = -11 + l. Is d composite?
False
Let v(g) = 64*g + 15. Is v(9) a prime number?
False
Let q be (81/4)/(2/(-8)). Let c = q - -150. Is c composite?
True
Suppose -2*i + 66 + 52 = -2*l, 59 = -l - i. Let m = -16 - l. Is m prime?
True
Is 2/6 - (-4544)/12 prime?
True
Suppose 4 = 2*y - 6. Let x be 2/y + (-13)/(-5). Suppose 2*j + 2*a - 50 = 0, 6*j + 4*a = x*j + 79. Is j prime?
False
Suppose 3*m - 4*q - 14 = 0, -3*m + 3*q = -0*q - 12. Let r(o) = 0*o**2 - m*o**2 + o + 10*o**2 + 3. Is r(-4) composite?
False
Let x = 90 - 88. Suppose 0 = -3*k - 2*k + 10. Suppose n = -g + 37, x*n - 68 = k*g - g. Is n a prime number?
False
Suppose 0 = -94*h + 92*h + 5726. Is h a prime number?
False
Let n = -777 - -413. Let d = -90 - n. Suppose -5*y + d - 25 = -2*g, -4*g + 90 = 2*y. Is y prime?
False
Let l(r) = -r + 5. Let u be l(3). Suppose 0 = p + u - 8. Is p prime?
False
Let j = 89 - 36. Is j prime?
True
Let y = -1116 - -789. Let u = y + 560. Is u a prime number?
True
Suppose j = 1, 4*j = 4*s + j - 793. Is s composite?
False
Suppose 2*s + 4*d - 1748 = -2*s, 5*s = -4*d + 2182. Suppose 5*t = s + 311. Is t a composite number?
False
Let x(s) = -5*s - 8. Let y = -2 + 8. Let f = y + -12. Is x(f) a composite number?
True
Is ((-4)/(-7))/((-2)/(-49)) composite?
True
Is (2/(-3))/((-26)/11973) a composite number?
False
Let o(r) = r**3 - 8*r**2 - 8*r - 5. Is o(9) composite?
True
Is 1*(1 + 21 + -1 + 0) prime?
False
Suppose 0 = s - 3 - 3. Let y(o) = o**3 - 4*o**2 - 7*o + 9. Is y(s) composite?
True
Let d(k) = -2*k - 5. Let r be d(-5). Suppose 0 = -t + a - r*a - 34, 3*t + 102 = 4*a. Is 1/3 + t/(-6) a composite number?
True
Let h = -1263 + 2140. Is h a prime number?
True
Suppose 5*g - 2*g - 1938 = -5*l, -3193 = -5*g + 4*l. Is g composite?
False
Suppose 31*l - 4637 = 30*l. Is l a prime number?
True
Let a(l) = -12*l + 4. Suppose 4*b = 5*o + 52, 3*o = 2*b + 2*b - 36. Let j be a(o). Suppose -4*z - 12 + j = 0. Is z a prime number?
False
Suppose g - 55 = -0*g. Suppose 190 = 5*o - g. Is o a composite number?
True
Let b(v) = -5*v**2 + 8*v + 8. Let g(h) = -5*h**2 + 7*h + 7. Let n(d) = 4*b(d) - 5*g(d). Let w be n(-2). Let u = 88 - w. Is u composite?
True
Let h be (-15)/(-2)*(-4)/(-5). Let k = 44 - h. Suppose -m = -2*m + k. Is m composite?
True
Suppose -311 = -3*g + 115. Is g a composite number?
True
Suppose 0 = f + f - 62. Is f a prime number?
True
Let q = 1242 - 461. Is q prime?
False
Let o be 5/1 + 1 + -1. Suppose 3*l - o = -i - 0, -2*l + 6 = 2*i. Is 154/4 + (-1)/i a prime number?
False
Is 2/(-9) + (5 - (-5624)/36) a composite number?
True
Let r(k) = -3*k**2 + k - 7. Let n(o) = -o**2 + 15*o - 13. Let d be n(13). Let g(l) = 7*l**2 - 3*l + 14. Let x(w) = d*r(w) + 6*g(w). Is x(6) a composite number?
False
Suppose 7582 = 5*f - 0*f + 3*u, f + 2*u - 1515 = 0. Is f a prime number?
False
Let j = 38 + -27. Suppose -3*f - j = 1. Let t = 18 + f. Is t composite?
True
Suppose -i + 3*u + 18 = 0, -3*u = 3*i - 6*u - 54. Suppose 0 = -2*l + i + 26. Is l prime?
False
Suppose 0 = 17*x - 18*x + 1853. Is x composite?
True
Let v(t) = -5*t**3 + 2*t**2 - 1. Is v(-2) a composite number?
False
Let p be 8/((-24)/(-63)) + 1. Is (-4)/p - (-2798)/22 prime?
True
Let c = 287 - 192. Is c composite?
True
Is (-2 + 4 + -3)*1799*-1 a prime number?
False
Let i(a) = 39*a**2 + 3*a - 1. Let q = -20 - -22. Is i(q) a prime number?
False
Suppose j = -4*y + 4*j + 356, 3*y - 267 = -3*j. Is y a prime number?
True
Let i(f) = 64*f + 3. Let t = 4 + -1. Let x be i(t). Suppose 0 = 4*v - x - 169. Is v a composite number?
True
Let n = 21 + -39. Is (-4)/n + 4287/27 a prime number?
False
Suppose -3*u = 2*z - 219, 3*u - 169 - 65 = 3*z. Suppose -2*a + u = a. Is a composite?
True
Let v = -1876 - -3181. Let x = v + -818. Is x prime?
True
Let v be -1 + -1 + 3 + -2. Let h = 4 - v. Let y(c) = c**2 - 4*c + 2. Is y(h) a prime number?
True
Suppose 3*m = 4*f - f - 927, 0 = m + 5*f + 285. Let r = m - -436. Is r a composite number?
False
Let c be ((-2)/3)/(2/(-6)). Suppose -3*a = -2*d - 10, -d + 0 = -c*a + 5. Suppose 2*u + 10 - 40 = a. Is u a prime number?
False
Let t be (-6)/((-2)/(-1))*-2. Suppose -q - q = t. Is (-78)/q*(-7)/(-2) prime?
False
Let w(o) = 145*o. Let g be w(2). Suppose -3*c - 5*p = -76 - g, 3 = -p. Is c prime?
True
Let g be (-14)/(-7) - (-117 + -2). Let x = 366 + g. Is x a prime number?
True
Let h(y) = 82*y**2 + 3. Let a = 22 - 24. Is h(a) prime?
True
Let c(m) = 4*m**2 - m - 9. Is c(5) a composite number?
True
Let q(p) = 40*p - 6. Let h be q(7). Let u = h + -182. Suppose -r = 3*j - u, 2*r - 66 - 98 = -2*j. Is r a prime number?
False
Let j = -1188 + 373. Let f = -456 - j. Is f a composite number?
False
Let w(j) = j**3 + 10*j**2 - 5*j - 13. Let r be w(-9). Suppose -5*m + r + 217 = 0. Suppose m = a + 2*a. Is a composite?
True
Let s(p) = -p**3 + 6*p**2 + 6*p + 12. Let o be s(7). Suppose -2*j = a - 382, 22 - 786 = -4*j + o*a. Is j composite?
False
Let n = 80 + -211. Let w = 220 + n. Is w composite?
False
Let q(s) = -s**2 + 10*s - 9. Let j be q(9). Suppose -2 = z + i + 2*i, z - i - 10 = j. Is z prime?
True
Let j be (6/4)/(6/(-184)). Let g = j - -79. Is g prime?
False
Suppose -2*g = -4*g - 6, 0 = -5*o + g + 153. Let u = o - 17. Is u prime?
True
Let s = 309 + 82. Is s a prime number?
False
Suppose -6*a - 10 = -5*o - a, -4*o + 12 = -3*a. Let q = 11 - o. Suppose 538 = q*f - 67. Is f composite?
True
Let b(x) = 0*x + 22 + 2*x - 3*x - 9. Let n(q) = -q**3 - 5*q**2 + 5*q + 1. Let k be n(-6). Is b(k) composite?
True
Let w(u) = u**3 - 8*u**2 - 11*u - 12. Let r be w(9). Is -3 - -7 - 3 - r a composite number?
False
Let o(s) = s**2 - 29*s + 16. Is o(-18) prime?
False
Suppose 2*a - 6*a = -2*q + 556, 2*q + 284 = -2*a. Let d = 259 + a. Is d a prime number?
False
Let i be 6/2*(-16)/12. Is (11/i)/(2/(-8)) a composite number?
False
Let o = -6 + 1. Let g be (0 - 83)*15/o. Let y = 378 - g. Is y a composite number?
True
Let l = 9 + -6. Suppose 0*k = -l*k + 126. Suppose 0